st the prime factors of 253603.
7, 36229
What are the prime factors of 13265841?
3, 4421947
List the prime factors of 2351184.
2, 3, 11, 61, 73
What are the prime factors of 54639?
3, 13, 467
What are the prime factors of 6325708?
2, 19, 83233
What are the prime factors of 3168531?
3, 117353
List the prime factors of 412232.
2, 227
What are the prime factors of 391373?
391373
What are the prime factors of 1429565?
5, 23, 31, 401
List the prime factors of 3964829.
11, 360439
What are the prime factors of 1044643?
101, 10343
List the prime factors of 10924888.
2, 13, 73, 1439
What are the prime factors of 177718?
2, 17, 5227
What are the prime factors of 7802043?
3, 2600681
List the prime factors of 785016.
2, 3, 10903
List the prime factors of 5945346.
2, 3, 11, 10009
List the prime factors of 514040.
2, 5, 71, 181
What are the prime factors of 9706333?
7, 13, 106663
What are the prime factors of 486874?
2, 243437
List the prime factors of 4634570.
2, 5, 463457
List the prime factors of 291053.
7, 41579
What are the prime factors of 5496810?
2, 3, 5, 11, 16657
List the prime factors of 318895.
5, 23, 47, 59
List the prime factors of 302252.
2, 19, 41, 97
What are the prime factors of 154581?
3, 7, 17, 433
List the prime factors of 624573.
3, 29, 2393
What are the prime factors of 2898131?
2898131
What are the prime factors of 38933896?
2, 4866737
List the prime factors of 2581765.
5, 137, 3769
List the prime factors of 16448.
2, 257
List the prime factors of 1017958.
2, 29, 17551
List the prime factors of 725735.
5, 173, 839
List the prime factors of 458216.
2, 11, 41, 127
What are the prime factors of 38769?
3, 12923
List the prime factors of 12517333.
19, 658807
What are the prime factors of 296998?
2, 13, 11423
List the prime factors of 671664.
2, 3, 7, 1999
List the prime factors of 71483.
71483
List the prime factors of 6997985.
5, 19, 3877
List the prime factors of 3352910.
2, 5, 11, 17, 163
What are the prime factors of 7805339?
587, 13297
What are the prime factors of 2665071?
3, 29, 10211
List the prime factors of 857021.
11, 17, 4583
What are the prime factors of 4438719?
3, 54799
List the prime factors of 5241980.
2, 5, 349, 751
List the prime factors of 18892184.
2, 1103, 2141
List the prime factors of 44589470.
2, 5, 17, 31, 8461
List the prime factors of 15575232.
2, 3, 23, 3527
List the prime factors of 337364.
2, 19, 23, 193
List the prime factors of 469998.
2, 3, 26111
List the prime factors of 22391575.
5, 61, 14683
What are the prime factors of 1500165?
3, 5, 17, 37, 53
What are the prime factors of 1301559?
3, 7, 61979
What are the prime factors of 627210?
2, 3, 5, 23, 101
List the prime factors of 655389.
3, 7, 101, 103
What are the prime factors of 7070780?
2, 5, 29, 73, 167
What are the prime factors of 280822?
2, 140411
What are the prime factors of 261262?
2, 130631
List the prime factors of 3605699.
47, 76717
List the prime factors of 3090651.
3, 17, 60601
List the prime factors of 2746275.
3, 5, 7, 5231
List the prime factors of 409678.
2, 19, 10781
List the prime factors of 564849.
3, 62761
List the prime factors of 384772.
2, 29, 31, 107
What are the prime factors of 4934324?
2, 761, 1621
List the prime factors of 1544806.
2, 772403
What are the prime factors of 617586?
2, 3, 102931
List the prime factors of 1734119.
17, 83, 1229
List the prime factors of 49332.
2, 3, 4111
What are the prime factors of 536473?
7, 173, 443
List the prime factors of 30360946.
2, 7, 11, 17, 11597
What are the prime factors of 488716?
2, 17, 7187
What are the prime factors of 48263?
17, 167
List the prime factors of 140143.
140143
List the prime factors of 1386244.
2, 346561
What are the prime factors of 3209126?
2, 263, 6101
What are the prime factors of 254643?
3, 17, 4993
List the prime factors of 25367753.
25367753
What are the prime factors of 1924277?
113, 17029
List the prime factors of 234264.
2, 3, 43, 227
List the prime factors of 3963978.
2, 3, 24469
List the prime factors of 182857.
182857
What are the prime factors of 346141?
346141
List the prime factors of 449776.
2, 28111
What are the prime factors of 180005?
5, 7, 37, 139
List the prime factors of 17446802.
2, 269, 32429
What are the prime factors of 1235594?
2, 17, 36341
List the prime factors of 40599850.
2, 5, 811997
What are the prime factors of 4320437?
11, 392767
List the prime factors of 26555.
5, 47, 113
List the prime factors of 1156376.
2, 13, 11119
What are the prime factors of 340877?
340877
List the prime factors of 4732862.
2, 19, 59, 2111
What are the prime factors of 3522043?
7, 17, 1741
What are the prime factors of 5245456?
2, 137, 2393
List the prime factors of 838529.
283, 2963
What are the prime factors of 707180?
2, 5, 19, 1861
List the prime factors of 1221578.
2, 541, 1129
List the prime factors of 5068856.
2, 13, 17, 47, 61
What are the prime factors of 255759?
3, 7, 19, 641
List the prime factors of 422615.
5, 84523
What are the prime factors of 1002998?
2, 659, 761
What are the prime factors of 824554?
2, 412277
List the prime factors of 406467.
3, 19, 2377
What are the prime factors of 2168452?
2, 11, 13, 17, 223
What are the prime factors of 212916?
2, 3, 11, 1613
List the prime factors of 1276317.
3, 7, 2251
List the prime factors of 497325.
3, 5, 19, 349
What are the prime factors of 12631960?
2, 5, 11, 19, 1511
List the prime factors of 2919116.
2, 729779
What are the prime factors of 1987894?
2, 19, 52313
What are the prime factors of 256349?
256349
List the prime factors of 5454000.
2, 3, 5, 101
What are the prime factors of 5070589?
331, 15319
List the prime factors of 298628.
2, 11, 617
What are the prime factors of 32600407?
7, 17, 23, 43, 277
What are the prime factors of 17905524?
2, 3, 7, 13, 19, 863
What are the prime factors of 231910?
2, 5, 7, 3313
What are the prime factors of 16109?
89, 181
What are the prime factors of 25670266?
2, 12835133
List the prime factors of 192093.
3, 11, 5821
List the prime factors of 11305.
5, 7, 17, 19
List the prime factors of 16809422.
2, 7, 1200673
List the prime factors of 1370570.
2, 5, 23, 59, 101
List the prime factors of 595426.
2, 13, 22901
List the prime factors of 10208092.
2, 17, 19, 7901
List the prime factors of 364212.
2, 3, 67, 151
List the prime factors of 1773270.
2, 3, 5, 17, 19, 61
What are the prime factors of 1045133?
19, 67, 821
What are the prime factors of 442430?
2, 5, 151, 293
List the prime factors of 309474.
2, 3, 11, 521
List the prime factors of 3499244.
2, 7, 47, 2659
What are the prime factors of 4724398?
2, 7, 337457
What are the prime factors of 559894?
2, 131, 2137
List the prime factors of 132085.
5, 26417
List the prime factors of 1839210.
2, 3, 5, 101, 607
What are the prime factors of 273400?
2, 5, 1367
List the prime factors of 693367.
19, 36493
What are the prime factors of 7272617?
11, 17, 38891
List the prime factors of 6677.
11, 607
List the prime factors of 4020147.
3, 23, 19421
List the prime factors of 1345533.
3, 7, 17, 3769
List the prime factors of 2176401.
3, 271, 2677
What are the prime factors of 494345?
5, 98869
What are the prime factors of 167814?
2, 3, 9323
List the prime factors of 1199130.
2, 3, 5, 39971
List the prime factors of 629728.
2, 11, 1789
List the prime factors of 419728.
2, 37, 709
What are the prime factors of 632636?
2, 109, 1451
List the prime factors of 6791499.
3, 11, 13, 1759
List the prime factors of 5283003.
3, 11, 160091
What are the prime factors of 825689?
825689
List the prime factors of 312608.
2, 9769
What are the prime factors of 233955?
3, 5, 1733
List the prime factors of 429482.
2, 214741
List the prime factors of 15302297.
227, 67411
What are the prime factors of 93462?
2, 3, 37, 421
List the prime factors of 212409.
3, 7867
List the prime factors of 6830786.
2, 3415393
What are the prime factors of 297907?
297907
What are the prime factors of 3471127?
11, 28687
List the prime factors of 2100942.
2, 3, 116719
List the prime factors of 271593.
3, 7, 479
What are the prime factors of 14696465?
5, 7, 599, 701
List the prime factors of 2258103.
3, 752701
List the prime factors of 2048185.
5, 53, 59, 131
What are the prime factors of 131273?
251, 523
List the prime factors of 181093.
11, 101, 163
List the p